nd 166?
83
Calculate the greatest common divisor of 873 and 9.
9
What is the greatest common factor of 2055 and 345?
15
Calculate the highest common factor of 174 and 4466.
58
What is the greatest common factor of 310 and 2635?
155
Calculate the greatest common divisor of 5 and 155.
5
Calculate the greatest common factor of 12 and 108.
12
What is the greatest common divisor of 24 and 8040?
24
Calculate the highest common factor of 20 and 740.
20
Calculate the greatest common divisor of 31 and 3317.
31
Calculate the greatest common divisor of 1274 and 65.
13
Calculate the greatest common divisor of 1288 and 56.
56
Calculate the highest common factor of 288 and 27.
9
Calculate the greatest common factor of 11 and 11.
11
Calculate the highest common divisor of 28 and 56.
28
Calculate the greatest common divisor of 1508 and 2030.
58
Calculate the greatest common factor of 7 and 224.
7
Calculate the highest common divisor of 81 and 351.
27
Calculate the highest common divisor of 777 and 21.
21
What is the highest common divisor of 108 and 4056?
12
What is the greatest common factor of 84 and 5304?
12
What is the highest common factor of 384 and 80?
16
What is the highest common divisor of 124 and 1984?
124
What is the highest common divisor of 92 and 322?
46
Calculate the highest common factor of 8709 and 3.
3
Calculate the highest common divisor of 2117 and 29.
29
Calculate the highest common divisor of 496 and 3162.
62
What is the highest common factor of 528 and 1296?
48
What is the greatest common divisor of 38 and 1064?
38
What is the highest common factor of 101 and 101?
101
Calculate the greatest common factor of 42 and 945.
21
What is the highest common divisor of 369 and 1353?
123
Calculate the highest common factor of 473 and 11.
11
Calculate the greatest common factor of 4 and 188.
4
Calculate the highest common divisor of 147 and 28.
7
What is the greatest common factor of 747 and 83?
83
What is the highest common factor of 184 and 13294?
46
What is the greatest common factor of 124 and 279?
31
What is the highest common divisor of 532 and 1463?
133
What is the highest common factor of 70 and 56?
14
What is the highest common divisor of 75 and 200?
25
Calculate the highest common factor of 120 and 48.
24
What is the greatest common divisor of 184 and 16?
8
What is the highest common factor of 1184 and 1739?
37
What is the greatest common divisor of 1778 and 21?
7
Calculate the highest common divisor of 14784 and 224.
224
What is the greatest common factor of 668 and 4?
4
What is the highest common divisor of 1643 and 31?
31
What is the greatest common divisor of 231 and 2013?
33
Calculate the greatest common divisor of 84 and 2688.
84
Calculate the greatest common divisor of 13 and 117.
13
Calculate the greatest common factor of 182 and 350.
14
Calculate the highest common divisor of 27 and 2889.
27
Calculate the greatest common divisor of 1782 and 6.
6
What is the highest common factor of 1290 and 90?
30
What is the highest common divisor of 165 and 1210?
55
Calculate the highest common divisor of 47 and 2209.
47
What is the highest common factor of 164 and 7708?
164
Calculate the greatest common factor of 316 and 19750.
158
What is the highest common factor of 396 and 308?
44
Calculate the greatest common divisor of 3812 and 12.
4
What is the greatest common divisor of 46 and 3105?
23
Calculate the greatest common factor of 1953 and 21.
21
Calculate the greatest common factor of 3570 and 280.
70
Calculate the highest common factor of 27 and 12.
3
What is the greatest common factor of 3080 and 50?
10
Calculate the greatest common divisor of 76 and 6460.
76
Calculate the highest common factor of 69 and 60.
3
What is the greatest common factor of 445 and 1157?
89
Calculate the greatest common factor of 1206 and 18.
18
Calculate the greatest common divisor of 4296 and 120.
24
What is the greatest common factor of 867 and 102?
51
What is the greatest common divisor of 146 and 3358?
146
What is the greatest common factor of 1070 and 50?
10
What is the highest common factor of 265 and 50?
5
Calculate the greatest common divisor of 68 and 1938.
34
What is the highest common divisor of 424 and 1060?
212
What is the greatest common divisor of 108 and 196?
4
What is the greatest common factor of 110 and 165?
55
Calculate the highest common divisor of 24 and 294.
6
Calculate the greatest common factor of 6032 and 416.
208
Calculate the greatest common factor of 15345 and 198.
99
Calculate the highest common divisor of 187 and 11.
11
Calculate the greatest common factor of 20 and 980.
20
Calculate the greatest common factor of 133 and 7.
7
Calculate the greatest common divisor of 4 and 28.
4
What is the greatest common factor of 783 and 609?
87
What is the highest common divisor of 774 and 108?
18
What is the highest common divisor of 256 and 64?
64
Calculate the highest common factor of 516 and 2752.
172
What is the highest common factor of 62 and 10664?
62
Calculate the highest common factor of 210 and 30.
30
What is the greatest common divisor of 27 and 999?
27
Calculate the greatest common factor of 14 and 161.
7
Calculate the greatest common divisor of 132 and 84.
12
What is the greatest common factor of 336 and 42?
42
Calculate the highest common divisor of 2424 and 12.
12
Calculate the greatest common divisor of 67183 and 127.
127
What is the greatest common divisor of 73593 and 153?
153
Calculate the greatest common factor of 81 and 837.
27
What is the greatest common factor of 3 and 543?
3
What is the greatest common factor of 893 and 798?
19
Calculate the highest common factor of 57 and 57.
57
What is the highest common divisor of 102 and 540?
6
What is the greatest common factor of 98 and 2989?
49
Calculate the greatest common divisor of 238 and 2737.
119
Calculate the highest common factor of 2262 and 2610.
174
Calculate the highest common factor of 2868 and 12.
12
Calculate the greatest common divisor of 3220 and 196.
28
Calculate the greatest common divisor of 220 and 176.
44
What is the highest common factor of 228 and 84?
12
Calculate the greatest common divisor of 68 and 24956.
68
Calculate the greatest common factor of 533 and 13.
13
Calculate the greatest common factor of 140 and 270.
10
Calculate the greatest common factor of 469 and 28.
7
What is the highest common factor of 294 and 98?
98
Calculate the highest common divisor of 21 and 1099.
7
What is the highest common divisor of 126 and 14?
14
What is the highest common divisor of 36 and 68?
4
What is the highest common factor of 50 and 7090?
10
Calculate the highest common divisor of 207 and 45.
9
What is the greatest common factor of 39 and 3?
3
Calculate the greatest common factor of 175 and 55.
5
Calculate the highest common factor of 369 and 10701.
369
What is the highest common factor of 37 and 14467?
37
What is the highest common divisor of 510 and 7480?
170
Calculate the highest common factor of 438 and 18.
6
Calculate the highest common divisor of 4 and 2500.
4
Calculate the greatest common factor of 21353 and 524.
131
Calculate the highest common factor of 56 and 104.
8
What is the greatest common divisor of 21 and 273?
21
What is the greatest common divisor of 31 and 93?
31
Calculate the greatest common factor of 18 and 1998.
18
What is the greatest common factor of 5593 and 423?
47
What is the greatest common factor of 10115 and 85?
85
What is the greatest common divisor of 3124 and 220?
44
Calculate the highest common divisor of 477 and 27.
9
What is the highest common divisor of 60 and 6945?
15
Calculate the highest common factor of 6192 and 1584.
144
Calculate the greatest common factor of 473 and 172.
43
Calculate the highest common factor of 10680 and 720.
120
What is the greatest common factor of 19 and 38?
19
What is the highest common factor of 23 and 529?
23
Calculate the greatest common factor of 6 and 123.
3
Calculate the greatest common divisor of 18 and 94.
2
What is the highest common divisor of 5 and 19?
1
Calculate the highest common factor of 40 and 225.
5
Calculate the highest common factor of 180 and 1068.
12
Calculate the highest common divisor of 1316 and 224.
28
What is the highest common factor of 848 and 32?
16
What is the greatest co